{"id":228,"date":"2025-04-25T16:51:11","date_gmt":"2025-04-25T13:51:11","guid":{"rendered":"https:\/\/www.suluova5noluasm.com.tr\/?page_id=228"},"modified":"2025-12-03T09:56:56","modified_gmt":"2025-12-03T06:56:56","slug":"dr-hatice-ulasli-yildiz","status":"publish","type":"page","link":"https:\/\/www.suluova5noluasm.com.tr\/?page_id=228","title":{"rendered":"Dr. Hatice Ula\u015fl\u0131 YILDIZ"},"content":{"rendered":"<p style=\"text-align: center;\"><strong>Dr. Hatice Ula\u015fl\u0131 YILDIZ<\/strong><\/p>\n<p style=\"text-align: center;\">Hem. Canan Y\u0131ld\u0131z \u00c7ak\u0131l<\/p>\n<p style=\"text-align: center;\">\u00c7al\u0131\u015fma Plan\u0131<\/p>\n<p style=\"text-align: center;\">Pazartesi 08:00 &amp; 12:00 &#8211; 13:00 &amp; 17:00<br \/>Sal\u0131 08:00 &amp; 12:00 &#8211; 13:00 &amp; 19:00<br \/>\u00c7ar\u015famba 08:00 &amp; 12:00 &#8211; 13:00 &amp; 17:00<br \/>Per\u015fembe 08:00 &amp; 13:00 &#8211; 13:00 &amp; 14:00<br \/>Cuma 08:00 &amp; 12:00 &#8211; 13:00 &amp; 17:00<\/p>\n<p style=\"text-align: center;\"><strong>0 552 793 39 05<\/strong><\/p>\n\n\n<p><\/p>\n","protected":false},"excerpt":{"rendered":"<p>Dr. Hatice Ula\u015fl\u0131 YILDIZ Hem. Canan Y\u0131ld\u0131z \u00c7ak\u0131l \u00c7al\u0131\u015fma Plan\u0131 Pazartesi 08:00 &amp; 12:00 &#8211; 13:00 &amp; 17:00Sal\u0131 08:00 &amp; 12:00 &#8211; 13:00 &amp; 19:00\u00c7ar\u015famba 08:00 &amp; 12:00 &#8211; 13:00 &amp; 17:00Per\u015fembe 08:00 &amp; 13:00 &#8211; 13:00 &amp; 14:00Cuma 08:00 &amp; 12:00 &#8211; 13:00 &amp; 17:00 0 552 793 39 05<\/p>\n","protected":false},"author":1,"featured_media":0,"parent":0,"menu_order":0,"comment_status":"closed","ping_status":"closed","template":"","meta":{"footnotes":""},"class_list":["post-228","page","type-page","status-publish","hentry"],"_links":{"self":[{"href":"https:\/\/www.suluova5noluasm.com.tr\/index.php?rest_route=\/wp\/v2\/pages\/228","targetHints":{"allow":["GET"]}}],"collection":[{"href":"https:\/\/www.suluova5noluasm.com.tr\/index.php?rest_route=\/wp\/v2\/pages"}],"about":[{"href":"https:\/\/www.suluova5noluasm.com.tr\/index.php?rest_route=\/wp\/v2\/types\/page"}],"author":[{"embeddable":true,"href":"https:\/\/www.suluova5noluasm.com.tr\/index.php?rest_route=\/wp\/v2\/users\/1"}],"replies":[{"embeddable":true,"href":"https:\/\/www.suluova5noluasm.com.tr\/index.php?rest_route=%2Fwp%2Fv2%2Fcomments&post=228"}],"version-history":[{"count":4,"href":"https:\/\/www.suluova5noluasm.com.tr\/index.php?rest_route=\/wp\/v2\/pages\/228\/revisions"}],"predecessor-version":[{"id":246,"href":"https:\/\/www.suluova5noluasm.com.tr\/index.php?rest_route=\/wp\/v2\/pages\/228\/revisions\/246"}],"wp:attachment":[{"href":"https:\/\/www.suluova5noluasm.com.tr\/index.php?rest_route=%2Fwp%2Fv2%2Fmedia&parent=228"}],"curies":[{"name":"wp","href":"https:\/\/api.w.org\/{rel}","templated":true}]}}